999)/(-126)). Let t(f) = -f**2 + 12*f + 22. What is t(a)?
-6
Let p(v) = -2*v + 21. Suppose -11*n + 21 = -4*n. Suppose -2*k - 35 + 7 = -4*h, -35 = -n*h - 2*k. Determine p(h).
3
Suppose -510 = 17*u - 27*u. Let f(m) = -u + 161 - 24*m - 55 - 54. What is f(1)?
-23
Let n(l) = 37*l**2 + 20*l + 31. Let w(x) = 7*x**2 + 4*x + 6. Let u = -12 - -14. Let a(f) = u*n(f) - 11*w(f). Give a(-3).
-19
Suppose 9*o = 4*o + 15. Let t(f) = -4*f**3 - 5 - 2*f**2 + 4 + o*f**3. What is t(-3)?
8
Let k(a) = 2*a - 149 + 148 - 11*a**2 + 18*a**2. Suppose -2*c + 8 = 0, 2*c = -2*j - 5 + 21. Suppose -j*y + 9*y = 5. Calculate k(y).
8
Let r(p) = p**3 - 4*p**2 - 6*p + 5. Let i be 17*(-1)/15 - (-28)/210. Let m be 15/10*40/i. Let y = m - -65. Calculate r(y).
0
Let r(w) = -17 - 19 + 14*w - 11 + w**2 - 5 + 76. Calculate r(-9).
-21
Let j(o) = 2. Let g(q) = -8*q - 9. Let y(r) = -9*r - 9. Let a(f) = -6*g(f) + 5*y(f). Let t(i) = a(i) - 5*j(i). Determine t(-4).
-13
Let z(c) = -8*c**2 - 5*c. Let k(b) = -5*b**2 - 3*b. Let o(r) = 5*k(r) - 3*z(r). Suppose -33*h + 81 = -6*h. Determine o(h).
-9
Let d(c) = 25*c**2 + 7*c - 12. Let j(s) = -55*s**2 - 14*s + 25. Let t(m) = -7*d(m) - 3*j(m). Give t(1).
-8
Let l(f) be the third derivative of -f**6/120 - 7*f**5/60 - 7*f**4/24 + f**3/6 - 927*f**2. What is l(-4)?
-19
Let u(g) = -2*g**2 + 3*g + 2. Let p = -35 - -34. Let n be p/(-2)*((-60)/(-3) - -2). Suppose -4*w - 5*i = 13, 0 = -0*w + 2*w - i - n. Give u(w).
-7
Suppose k + 3*b + 6 = 0, -1 - 7 = 4*b. Let i(u) be the second derivative of 5/12*u**4 + k + 0*u**3 + 0*u**2 - 10*u. Calculate i(1).
5
Let r(p) = -2*p**2 + 36*p - 9. Suppose 11*m + 11*m = 40 + 356. Calculate r(m).
-9
Let c = 2 + -46. Let r = 44 + c. Let n(y) = r - 8 - 4 + y + 4. Calculate n(9).
1
Let x(u) = 3*u + 1. Let r(g) = 8*g - 6. Let a(k) = r(k) - 2*x(k). Let m be ((-36)/(-14))/(3/21). Suppose m = -4*v + 7*v. Determine a(v).
4
Let o(s) be the third derivative of -7*s**5/60 + s**4/3 + 7*s**3/3 - 99*s**2 + 3*s - 5. Give o(-2).
-30
Let u(m) be the third derivative of -m**7/840 + m**6/60 + 3*m**5/40 - 5*m**4/12 + 10*m**3/3 - 2*m**2 + 3. Let c(s) be the first derivative of u(s). Give c(7).
4
Let v(h) be the first derivative of h**4/4 + 4*h**3/3 - 3*h**2/2 + 2*h - 433. Suppose 0 = j - 5*p + 5 + 20, 5*p - 35 = 3*j. Calculate v(j).
-8
Let c(j) = -2 + 6 - 2 - j - 1. Suppose 2*u + 6 = -2*y, 5*u + 0*u - 3*y - 9 = 0. Suppose -4*g + u = 36. Calculate c(g).
10
Let y(r) = 7*r**2 + 2*r + 2. Let s be y(-2). Let l = s - 22. Let w(g) be the first derivative of g**4/4 - 5*g**3/3 + 3*g**2/2 + 3*g + 29. What is w(l)?
-1
Suppose -22*l - 41*l = -382*l - 190*l. Let d(n) = -n**3 - 5*n**2 - 3*n - 14. What is d(l)?
-14
Let l be (213 - 138)/(1 + 2). Let n(x) = 4*x - 101. Give n(l).
-1
Suppose 4 = 5*l - 11. Let w(i) = 2 - 14 - l + i - 3. Calculate w(0).
-18
Let s(z) = -4*z - 29. Let q(n) = 245*n - 989. Let a be q(4). Determine s(a).
7
Let d(n) = -4*n - 5. Let a(y) = 5*y + 5. Let i(w) = 3*a(w) + 4*d(w). Let x(g) = g + 2. Let t(c) = i(c) - x(c). Calculate t(-7).
7
Let x(i) = 82*i + 484. Let y(j) = -463*j + 4624. Let h be y(10). What is x(h)?
-8
Let f = -226 - -229. Suppose -90 = 31*g + f. Let i(o) = 3*o**2 + 3*o - 2. Give i(g).
16
Let l be (-340)/(-476) - 37/(-7). Let p(o) = -o**3 + 7*o**2 - 9*o + 32. Calculate p(l).
14
Let g(n) = 6*n**2. Let f be g(-1). Suppose v - f = 4*v. Let x(y) = 10*y + 37. Let m(c) = -11*c - 44. Let q(j) = 5*m(j) + 6*x(j). What is q(v)?
-8
Let a(z) = 2*z**2 + 5*z - 22. Let m be a(-5). Let p(x) = 8*x + 367 - 373 - x - x**m - 4*x**2. Give p(-6).
24
Let o(k) = 2732*k**3 - 4*k - 5469*k**3 - 5*k**2 + 2739*k**3 - 2. Calculate o(4).
30
Let t(i) be the first derivative of 1/4*i**4 + 0*i + 46 - i**3 + 0*i**2. Give t(4).
16
Suppose 4*c = 3*z - 30, -7*z + 77 = -4*c + 39. Let t(q) = -q**2 + 2. Calculate t(z).
-2
Let k(s) = -2 - 2*s**2 - 4*s**2 + 5*s + 7*s**2. Let t(b) = 113*b - 1361. Let x be t(12). Calculate k(x).
-2
Let g(x) be the third derivative of 0 + 37*x**2 - 1/8*x**4 + 15/2*x**3 + 1/120*x**5 + 0*x. Let a(y) be the first derivative of g(y). Calculate a(0).
-3
Let f(p) = -6*p**2 + 13*p - 32. Suppose -33*u - 13096 = -13261. Calculate f(u).
-117
Let n(f) be the second derivative of 8*f**3 + 137*f**2/2 - 11188*f. Calculate n(-3).
-7
Suppose -51 = 3*r + 3*i, 5*r + 0*i - 3*i = -61. Let j be (-176)/r + (-12)/(-28). Let a(w) = 2*w - 24. Give a(j).
2
Let h(r) = -13*r - 28. Let u = -3546 - -3544. Determine h(u).
-2
Suppose 0 = -9*t + 373 - 436. Let b(v) = -v**3 - 7*v**2 + 4*v + 34. Calculate b(t).
6
Let p(o) = 3*o**3 - 8*o**2 + 6*o - 9. Suppose 8*y + 150 - 142 = 0. Let c(j) = 2*j**3 + j**2 - j - 1. Let l(t) = y*p(t) + 2*c(t). Give l(-11).
-26
Let j(d) = 15 + 130*d**3 - 2*d - 11*d**3 - 5*d**2 - 120*d**3 + 0. Calculate j(-4).
7
Let i(n) be the first derivative of -7*n**2/2 - 1. Let a be i(1). Let l(s) = s + 174. Let h(g) = g + 201. Let d(y) = -6*h(y) + 7*l(y). Give d(a).
5
Let n = 30333 + -30327. Let y(g) = -44*g + 263. Determine y(n).
-1
Let r(o) be the second derivative of -o**5/20 + 5*o**4/4 + 16*o**3/3 + 35*o**2/2 + o + 22. Let b be r(17). Let z(q) = 3*q**3 - q**2 + 2*q - 1. Calculate z(b).
3
Let q(p) = -p + 17. Suppose k - 2*k + 27 = -4*d, -3 = -k. Let j(x) = -x + 10. Let h be j(d). Give q(h).
1
Let g(f) = -196*f**2 + 195*f**2 - 2*f - 8*f + 26. Let d be g(-9). Let o(y) = -63 + 27 + d + y. Determine o(3).
2
Let t(z) = -z**3 - 10*z**2 - 2*z - 17. Let d be t(-10). Let s be 3 - d/((-21)/(-49)). Let a(r) = r**3 + 3*r**2 - 2*r - 5. What is a(s)?
-13
Let b(x) be the third derivative of -x**5/60 - x**4/8 + 2*x**3 + 1370*x**2. Give b(3).
-6
Let g(d) = 2*d - 11. Suppose 13*w - 12 = 7*w. Let a(z) = -z + 11. Let y(p) = w*g(p) + 3*a(p). Determine y(-11).
0
Let n(h) = -100*h**2 - h - 5*h - 9*h + 18*h + 96*h**2 - 6*h**3. Give n(1).
-7
Let d = -96404 + 96402. Let s(u) = -3 + 3 + 12*u. Calculate s(d).
-24
Let l(z) = 67*z - 3 + 73*z + 75*z - 221*z. Let g(f) = -5*f - 1. Let y(q) = -5*g(q) + 4*l(q). Determine y(14).
7
Let j(m) = m - 6. Let z be j(3). Let n(r) be the first derivative of r**2/2 + 5*r + 2. Let o(g) = 1. Let y(v) = n(v) - 5*o(v). Calculate y(z).
-3
Let i(d) = 22*d - 34. Let w be i(8). Let b = -150 + w. Let l(r) = -r - 15. What is l(b)?
-7
Let a(c) = 573*c + 48. Let f(v) = -265*v - 24. Let u(l) = -6*a(l) - 13*f(l). Determine u(-10).
-46
Let h(v) = v**2 - 11*v - 23. Suppose 21*s = 8*s - 13 + 234. Calculate h(s).
79
Let t(n) = n**2 - 12*n + 4. Let d = 495 - 499. Let q(u) = -11*u - 32. Let x be q(d). Determine t(x).
4
Let v(u) = 17. Let m(c) = -1 + 2*c - c + 16*c**2 - 15*c**2. Let x(s) = -2*m(s) + v(s). Let k(g) be the first derivative of x(g). Determine k(-2).
6
Let z(k) = -25 - 2745*k + 76 + 2738*k. Give z(4).
23
Let f(w) = -w**3 + 14*w**2 - 16*w - 5. Let o be f(13). Let b be 3 + o/6*(-6)/(-4). Let d(j) = -7 - 8*j + 0 - j**2 + 1. What is d(b)?
-6
Let b(p) = 107*p + 161. Let x(a) = 7*a + 11. Let v(z) = 6*b(z) - 93*x(z). Calculate v(-8).
15
Let d(w) be the first derivative of -w**2/2 + 3*w + 1386. Let g = -4 + 1. Let n = 0 - g. Give d(n).
0
Let z(m) = -3*m**2 - 23*m - 37. Let l be z(-4). Let f(v) = -4*v + 31. Calculate f(l).
3
Let c(j) = 0*j - 3 + 6 + 4*j. Suppose -7*v - 34 = 9*v + v. Determine c(v).
-5
Suppose 192 = 3*f + 9*f. Let v(l) = -3*l - 18. Let q(x) = 5*x + 20. Let y(d) = 2*q(d) + 3*v(d). What is y(f)?
2
Let k(v) be the third derivative of v**5/40 + v**4/6 + 13*v**3/6 + 18*v**2. Let i(q) be the first derivative of k(q). Let m = 27 + -24. Determine i(m).
13
Let v(m) be the second derivative of -m**4/12 - 3*m**3/2 + m**2 - m. Let a = -3101 + 3093. What is v(a)?
10
Let v(m) = -2*m**3 - 3*m**2 + 2*m. Suppose -3*b - 31 + 52 = 0. Let u be (-5 - -2)*b/42*-4. What is v(u)?
-24
Let u(w) = 4*w - 3. Let z(g) = g**3 + 8*g**2 + 4*g + 8. Let b be z(-6). Let y = b - 92. Let c be y/(-27)*3/2. What is u(c)?
5
Let s be ((-29)/((-1856)/1120))/((-35)/(-14)). Let w(u) = 2*u**2 - 6 + 4*u - 3*u**2 - 2*u. Determine w(s).
-41
Suppose 3*v = 23*v + 80. Let h(o) = -o**3 - 6*o**2 - 10*o - 4. Give h(v).
4
Let s(b) = b**2 - 8*b - 2. Suppose -103*l = -111*l + 24. Let r be ((-1)/l)/(-14 - -15)*-21. Give s(r).
-9
Let u(n) = 3*n**2 + 387*n - 3. Let k be u(-129). Let v(z) = -4*z**2 - z**3 + 2*z - z**2 + 2*z**2 - 2. Calculate v(k).
-8
Let f(g) = -g**2 - 3*g**2 + 7*g + 1 - 1. Let b be f(4). Let c 